{"id":367,"date":"2021-03-18T11:30:50","date_gmt":"2021-03-18T10:30:50","guid":{"rendered":"http:\/\/lilibelleetmarius.fr\/?post_type=product&#038;p=367"},"modified":"2021-03-18T11:30:51","modified_gmt":"2021-03-18T10:30:51","slug":"coussin-etoile-bleu","status":"publish","type":"product","link":"https:\/\/lilibelleetmarius.fr\/index.php\/produit\/coussin-etoile-bleu\/","title":{"rendered":"Coussin &#8220;Etoile&#8221; \/ bleu"},"content":{"rendered":"<p><img loading=\"lazy\" class=\"alignnone size-medium wp-image-368\" src=\"http:\/\/lilibelleetmarius.fr\/wp-content\/uploads\/2021\/03\/IMG_20201204_081922_688-1-300x300.jpg\" alt=\"\" width=\"300\" height=\"300\" srcset=\"https:\/\/lilibelleetmarius.fr\/wp-content\/uploads\/2021\/03\/IMG_20201204_081922_688-1-300x300.jpg 300w, https:\/\/lilibelleetmarius.fr\/wp-content\/uploads\/2021\/03\/IMG_20201204_081922_688-1-1024x1024.jpg 1024w, https:\/\/lilibelleetmarius.fr\/wp-content\/uploads\/2021\/03\/IMG_20201204_081922_688-1-150x150.jpg 150w, https:\/\/lilibelleetmarius.fr\/wp-content\/uploads\/2021\/03\/IMG_20201204_081922_688-1-768x768.jpg 768w, https:\/\/lilibelleetmarius.fr\/wp-content\/uploads\/2021\/03\/IMG_20201204_081922_688-1-1536x1536.jpg 1536w, https:\/\/lilibelleetmarius.fr\/wp-content\/uploads\/2021\/03\/IMG_20201204_081922_688-1-2048x2048.jpg 2048w, https:\/\/lilibelleetmarius.fr\/wp-content\/uploads\/2021\/03\/IMG_20201204_081922_688-1-600x600.jpg 600w, https:\/\/lilibelleetmarius.fr\/wp-content\/uploads\/2021\/03\/IMG_20201204_081922_688-1-100x100.jpg 100w\" sizes=\"(max-width: 300px) 100vw, 300px\" \/><\/p>\n","protected":false},"excerpt":{"rendered":"<p>Coussin \u00e9toile pour la d\u00e9co ou les c\u00e2lins!<\/p>\n<p>Taille id\u00e9ale pour le b\u00e9b\u00e9 ou petit enfant, 36 cm d&#8217;une pointe \u00e0 l&#8217;autre.<\/p>\n<p>J&#8217;ai ajout\u00e9 une petite \u00e9tiquette car je sais que le petits adorent \u00e7a! et puis c&#8217;est plus jolie!<\/p>\n<p><strong>Mati\u00e8res<\/strong>: coton Oeko-tex et ouate anti-acariens, ruban.<\/p>\n<p>Motif et couleur: graphique (fleurs) bleu p\u00e9trole.<\/p>\n<p>lavable en machine \u00e0 30\u00b0C.<\/p>\n<p>Pi\u00e8ce unique<\/p>\n","protected":false},"featured_media":368,"comment_status":"open","ping_status":"closed","template":"","meta":[],"_links":{"self":[{"href":"https:\/\/lilibelleetmarius.fr\/index.php\/wp-json\/wp\/v2\/product\/367"}],"collection":[{"href":"https:\/\/lilibelleetmarius.fr\/index.php\/wp-json\/wp\/v2\/product"}],"about":[{"href":"https:\/\/lilibelleetmarius.fr\/index.php\/wp-json\/wp\/v2\/types\/product"}],"replies":[{"embeddable":true,"href":"https:\/\/lilibelleetmarius.fr\/index.php\/wp-json\/wp\/v2\/comments?post=367"}],"version-history":[{"count":1,"href":"https:\/\/lilibelleetmarius.fr\/index.php\/wp-json\/wp\/v2\/product\/367\/revisions"}],"predecessor-version":[{"id":369,"href":"https:\/\/lilibelleetmarius.fr\/index.php\/wp-json\/wp\/v2\/product\/367\/revisions\/369"}],"wp:featuredmedia":[{"embeddable":true,"href":"https:\/\/lilibelleetmarius.fr\/index.php\/wp-json\/wp\/v2\/media\/368"}],"wp:attachment":[{"href":"https:\/\/lilibelleetmarius.fr\/index.php\/wp-json\/wp\/v2\/media?parent=367"}],"curies":[{"name":"wp","href":"https:\/\/api.w.org\/{rel}","templated":true}]}}