{"id":134,"date":"2021-03-11T14:34:58","date_gmt":"2021-03-11T13:34:58","guid":{"rendered":"http:\/\/lilibelleetmarius.fr\/?post_type=product&#038;p=134"},"modified":"2021-03-14T11:33:57","modified_gmt":"2021-03-14T10:33:57","slug":"protege-carnet-de-sante-lemuriens","status":"publish","type":"product","link":"https:\/\/lilibelleetmarius.fr\/index.php\/produit\/protege-carnet-de-sante-lemuriens\/","title":{"rendered":"Prot\u00e8ge carnet de sant\u00e9 &#8220;LEMURIENS&#8221;"},"content":{"rendered":"<p><img loading=\"lazy\" class=\"alignnone size-medium wp-image-136\" style=\"font-weight: inherit;\" src=\"http:\/\/lilibelleetmarius.fr\/wp-content\/uploads\/2021\/03\/20210110_184800-228x300.jpg\" alt=\"\" width=\"228\" height=\"300\" srcset=\"https:\/\/lilibelleetmarius.fr\/wp-content\/uploads\/2021\/03\/20210110_184800-228x300.jpg 228w, https:\/\/lilibelleetmarius.fr\/wp-content\/uploads\/2021\/03\/20210110_184800-778x1024.jpg 778w, https:\/\/lilibelleetmarius.fr\/wp-content\/uploads\/2021\/03\/20210110_184800-768x1010.jpg 768w, https:\/\/lilibelleetmarius.fr\/wp-content\/uploads\/2021\/03\/20210110_184800-1167x1536.jpg 1167w, https:\/\/lilibelleetmarius.fr\/wp-content\/uploads\/2021\/03\/20210110_184800-1557x2048.jpg 1557w, https:\/\/lilibelleetmarius.fr\/wp-content\/uploads\/2021\/03\/20210110_184800-600x789.jpg 600w, https:\/\/lilibelleetmarius.fr\/wp-content\/uploads\/2021\/03\/20210110_184800-scaled.jpg 1946w\" sizes=\"(max-width: 228px) 100vw, 228px\" \/><img loading=\"lazy\" class=\"alignnone size-medium wp-image-135\" src=\"http:\/\/lilibelleetmarius.fr\/wp-content\/uploads\/2021\/03\/20210110_184735-300x221.jpg\" alt=\"Prot\u00e8ge carnet de sant\u00e9 L\u00e9muriens\" width=\"300\" height=\"221\" srcset=\"https:\/\/lilibelleetmarius.fr\/wp-content\/uploads\/2021\/03\/20210110_184735-300x221.jpg 300w, https:\/\/lilibelleetmarius.fr\/wp-content\/uploads\/2021\/03\/20210110_184735-1024x755.jpg 1024w, https:\/\/lilibelleetmarius.fr\/wp-content\/uploads\/2021\/03\/20210110_184735-768x566.jpg 768w, https:\/\/lilibelleetmarius.fr\/wp-content\/uploads\/2021\/03\/20210110_184735-1536x1133.jpg 1536w, https:\/\/lilibelleetmarius.fr\/wp-content\/uploads\/2021\/03\/20210110_184735-2048x1510.jpg 2048w, https:\/\/lilibelleetmarius.fr\/wp-content\/uploads\/2021\/03\/20210110_184735-600x443.jpg 600w\" sizes=\"(max-width: 300px) 100vw, 300px\" \/><\/p>\n","protected":false},"excerpt":{"rendered":"<p>Joli prot\u00e8ge carnet de sant\u00e9 fait avec amour pour votre petit tr\u00e9sor.<\/p>\n<p>Description:<\/p>\n<p>Deux grands rabats \u00e0 l&#8217;int\u00e9rieur (pour mettre le carnet mais \u00e9galement les multitudes de documents qu&#8217;on accumule chez le p\u00e9diatre, oui oui ).<\/p>\n<p>Motifs: L\u00e9muriens et triangles<\/p>\n<p>Petit plus: Un marque page bien pratique et mignon.<\/p>\n<p>Mod\u00e8le unique.<\/p>\n<p>Convient aux carnets d\u00e9livr\u00e9s en maternit\u00e9 de France.<\/p>\n<p>Tissus de coton imprim\u00e9 OEKO-TEX.<\/p>\n<p>Lavable en machine max 40\u00b0C et repassage.<\/p>\n<p>Dimensions: 22.5 cm x 16.5 cm.<\/p>\n<p>Article personnalisable avec un pr\u00e9nom (surnom ou mot doux)<\/p>\n","protected":false},"featured_media":136,"comment_status":"open","ping_status":"closed","template":"","meta":[],"_links":{"self":[{"href":"https:\/\/lilibelleetmarius.fr\/index.php\/wp-json\/wp\/v2\/product\/134"}],"collection":[{"href":"https:\/\/lilibelleetmarius.fr\/index.php\/wp-json\/wp\/v2\/product"}],"about":[{"href":"https:\/\/lilibelleetmarius.fr\/index.php\/wp-json\/wp\/v2\/types\/product"}],"replies":[{"embeddable":true,"href":"https:\/\/lilibelleetmarius.fr\/index.php\/wp-json\/wp\/v2\/comments?post=134"}],"version-history":[{"count":3,"href":"https:\/\/lilibelleetmarius.fr\/index.php\/wp-json\/wp\/v2\/product\/134\/revisions"}],"predecessor-version":[{"id":166,"href":"https:\/\/lilibelleetmarius.fr\/index.php\/wp-json\/wp\/v2\/product\/134\/revisions\/166"}],"wp:featuredmedia":[{"embeddable":true,"href":"https:\/\/lilibelleetmarius.fr\/index.php\/wp-json\/wp\/v2\/media\/136"}],"wp:attachment":[{"href":"https:\/\/lilibelleetmarius.fr\/index.php\/wp-json\/wp\/v2\/media?parent=134"}],"curies":[{"name":"wp","href":"https:\/\/api.w.org\/{rel}","templated":true}]}}