{"id":107,"date":"2021-03-11T13:10:57","date_gmt":"2021-03-11T12:10:57","guid":{"rendered":"http:\/\/lilibelleetmarius.fr\/?post_type=product&#038;p=107"},"modified":"2021-03-14T10:48:46","modified_gmt":"2021-03-14T09:48:46","slug":"bavoir-bandana-reglable-2","status":"publish","type":"product","link":"https:\/\/lilibelleetmarius.fr\/index.php\/produit\/bavoir-bandana-reglable-2\/","title":{"rendered":"Bavoir bandana r\u00e9glable Pois"},"content":{"rendered":"<p><img loading=\"lazy\" class=\"alignnone size-medium wp-image-108\" src=\"http:\/\/lilibelleetmarius.fr\/wp-content\/uploads\/2021\/03\/20210111_114834-225x300.jpg\" alt=\"Bavoir bandana r\u00e9glable\" width=\"225\" height=\"300\" srcset=\"https:\/\/lilibelleetmarius.fr\/wp-content\/uploads\/2021\/03\/20210111_114834-225x300.jpg 225w, https:\/\/lilibelleetmarius.fr\/wp-content\/uploads\/2021\/03\/20210111_114834-scaled-600x800.jpg 600w, https:\/\/lilibelleetmarius.fr\/wp-content\/uploads\/2021\/03\/20210111_114834-768x1024.jpg 768w, https:\/\/lilibelleetmarius.fr\/wp-content\/uploads\/2021\/03\/20210111_114834-1152x1536.jpg 1152w, https:\/\/lilibelleetmarius.fr\/wp-content\/uploads\/2021\/03\/20210111_114834-1536x2048.jpg 1536w, https:\/\/lilibelleetmarius.fr\/wp-content\/uploads\/2021\/03\/20210111_114834-scaled.jpg 1920w\" sizes=\"(max-width: 225px) 100vw, 225px\" \/><img loading=\"lazy\" class=\"alignnone size-medium wp-image-109\" src=\"http:\/\/lilibelleetmarius.fr\/wp-content\/uploads\/2021\/03\/20210111_130402-256x300.jpg\" alt=\"\" width=\"256\" height=\"300\" srcset=\"https:\/\/lilibelleetmarius.fr\/wp-content\/uploads\/2021\/03\/20210111_130402-256x300.jpg 256w, https:\/\/lilibelleetmarius.fr\/wp-content\/uploads\/2021\/03\/20210111_130402-scaled-600x704.jpg 600w, https:\/\/lilibelleetmarius.fr\/wp-content\/uploads\/2021\/03\/20210111_130402-872x1024.jpg 872w, https:\/\/lilibelleetmarius.fr\/wp-content\/uploads\/2021\/03\/20210111_130402-768x902.jpg 768w, https:\/\/lilibelleetmarius.fr\/wp-content\/uploads\/2021\/03\/20210111_130402-1308x1536.jpg 1308w, https:\/\/lilibelleetmarius.fr\/wp-content\/uploads\/2021\/03\/20210111_130402-1745x2048.jpg 1745w\" sizes=\"(max-width: 256px) 100vw, 256px\" \/><\/p>\n","protected":false},"excerpt":{"rendered":"<p>Le bavoir pour baver (ou manger) avec \u00e9l\u00e9gance \ud83d\ude42<\/p>\n<p>Bavoir Bandana en coton 100%, r\u00e9glable avec ses deux pressions color\u00e9es.<\/p>\n<p>Son look est plut\u00f4t sympa avec sa petite \u00e9tiquette qui d\u00e9passe sur le bas .<\/p>\n<p>facile d&#8217;entretien, lavable en machine et repassable.<\/p>\n","protected":false},"featured_media":108,"comment_status":"open","ping_status":"closed","template":"","meta":[],"_links":{"self":[{"href":"https:\/\/lilibelleetmarius.fr\/index.php\/wp-json\/wp\/v2\/product\/107"}],"collection":[{"href":"https:\/\/lilibelleetmarius.fr\/index.php\/wp-json\/wp\/v2\/product"}],"about":[{"href":"https:\/\/lilibelleetmarius.fr\/index.php\/wp-json\/wp\/v2\/types\/product"}],"replies":[{"embeddable":true,"href":"https:\/\/lilibelleetmarius.fr\/index.php\/wp-json\/wp\/v2\/comments?post=107"}],"version-history":[{"count":4,"href":"https:\/\/lilibelleetmarius.fr\/index.php\/wp-json\/wp\/v2\/product\/107\/revisions"}],"predecessor-version":[{"id":197,"href":"https:\/\/lilibelleetmarius.fr\/index.php\/wp-json\/wp\/v2\/product\/107\/revisions\/197"}],"wp:featuredmedia":[{"embeddable":true,"href":"https:\/\/lilibelleetmarius.fr\/index.php\/wp-json\/wp\/v2\/media\/108"}],"wp:attachment":[{"href":"https:\/\/lilibelleetmarius.fr\/index.php\/wp-json\/wp\/v2\/media?parent=107"}],"curies":[{"name":"wp","href":"https:\/\/api.w.org\/{rel}","templated":true}]}}